 is divided by 422?
419
Calculate the remainder when 1881 is divided by 1846.
35
Calculate the remainder when 1315701 is divided by 1355.
1351
What is the remainder when 20640 is divided by 398?
342
What is the remainder when 32765 is divided by 468?
5
Calculate the remainder when 6302 is divided by 872.
198
Calculate the remainder when 582605 is divided by 13.
10
What is the remainder when 27084 is divided by 343?
330
What is the remainder when 17573 is divided by 5?
3
Calculate the remainder when 9738 is divided by 3244.
6
What is the remainder when 635 is divided by 10?
5
What is the remainder when 113488 is divided by 2415?
2398
Calculate the remainder when 407615 is divided by 9.
5
Calculate the remainder when 17472 is divided by 4360.
32
Calculate the remainder when 550419 is divided by 52.
51
What is the remainder when 620496 is divided by 557?
555
Calculate the remainder when 5051 is divided by 169.
150
Calculate the remainder when 136995 is divided by 387.
384
What is the remainder when 516272 is divided by 17?
16
What is the remainder when 8065 is divided by 2016?
1
What is the remainder when 7981709 is divided by 335?
334
What is the remainder when 22698 is divided by 5546?
514
What is the remainder when 36888 is divided by 41?
29
What is the remainder when 6790 is divided by 720?
310
What is the remainder when 112527 is divided by 112516?
11
Calculate the remainder when 274 is divided by 68.
2
What is the remainder when 59346 is divided by 186?
12
Calculate the remainder when 241422 is divided by 70.
62
Calculate the remainder when 3196 is divided by 639.
1
What is the remainder when 10286 is divided by 166?
160
Calculate the remainder when 22462 is divided by 852.
310
Calculate the remainder when 36279 is divided by 672.
663
What is the remainder when 41707 is divided by 27?
19
What is the remainder when 4231 is divided by 603?
10
What is the remainder when 100583 is divided by 675?
8
What is the remainder when 561 is divided by 293?
268
Calculate the remainder when 267414 is divided by 8.
6
Calculate the remainder when 68036 is divided by 4.
0
Calculate the remainder when 58518 is divided by 259.
243
What is the remainder when 1216 is divided by 188?
88
Calculate the remainder when 368 is divided by 179.
10
What is the remainder when 123034 is divided by 93?
88
What is the remainder when 3172 is divided by 340?
112
Calculate the remainder when 347449 is divided by 11207.
32
Calculate the remainder when 128338 is divided by 20.
18
What is the remainder when 909 is divided by 483?
426
Calculate the remainder when 5639 is divided by 1118.
49
Calculate the remainder when 245 is divided by 89.
67
Calculate the remainder when 589247 is divided by 992.
991
Calculate the remainder when 6226 is divided by 6225.
1
Calculate the remainder when 1292 is divided by 635.
22
Calculate the remainder when 500 is divided by 64.
52
Calculate the remainder when 2470 is divided by 399.
76
Calculate the remainder when 146636 is divided by 991.
959
What is the remainder when 2626 is divided by 632?
98
Calculate the remainder when 6429 is divided by 6331.
98
Calculate the remainder when 12039 is divided by 1090.
49
What is the remainder when 1824 is divided by 58?
26
What is the remainder when 104108 is divided by 24?
20
Calculate the remainder when 1161725 is divided by 16.
13
What is the remainder when 265120 is divided by 5763?
22
Calculate the remainder when 6099 is divided by 508.
3
What is the remainder when 487319 is divided by 62?
61
What is the remainder when 52 is divided by 23?
6
What is the remainder when 10680 is divided by 10266?
414
Calculate the remainder when 15454 is divided by 150.
4
What is the remainder when 10896 is divided by 298?
168
Calculate the remainder when 14147 is divided by 1445.
1142
Calculate the remainder when 2568 is divided by 610.
128
What is the remainder when 363238 is divided by 869?
865
What is the remainder when 13112 is divided by 915?
302
What is the remainder when 271851 is divided by 20?
11
What is the remainder when 181 is divided by 114?
67
Calculate the remainder when 359586 is divided by 119862.
0
What is the remainder when 24216 is divided by 3?
0
Calculate the remainder when 484 is divided by 51.
25
Calculate the remainder when 4443 is divided by 103.
14
What is the remainder when 42351 is divided by 345?
261
What is the remainder when 37852 is divided by 132?
100
What is the remainder when 17990 is divided by 19?
16
What is the remainder when 1559 is divided by 174?
167
What is the remainder when 246922 is divided by 361?
359
Calculate the remainder when 1763 is divided by 93.
89
Calculate the remainder when 42326 is divided by 10580.
6
What is the remainder when 14305 is divided by 63?
4
What is the remainder when 38551 is divided by 12833?
52
Calculate the remainder when 84569 is divided by 2818.
29
Calculate the remainder when 5129 is divided by 151.
146
What is the remainder when 23849 is divided by 173?
148
Calculate the remainder when 35008 is divided by 17503.
2
What is the remainder when 1055 is divided by 323?
86
Calculate the remainder when 466149 is divided by 29134.
5
What is the remainder when 45969 is divided by 12?
9
Calculate the remainder when 13343 is divided by 143.
44
What is the remainder when 107214 is divided by 2433?
162
What is the remainder when 40848 is divided by 2269?
6
Calculate the remainder when 51984 is divided by 37.
36
What is the remainder when 5679364 is divided by 11?
9
Calculate the remainder when 303023 is divided by 20201.
8
Calculate the remainder when 940 is divided by 15.
10
Calculate the remainder when 547222 is divided by 85.
77
What is the remainder when 80483 is divided by 45?
23
Calculate the remainder when 349712 is divided by 183.
182
Calculate the remainder when 128772 is divided by 509.
504
Calculate the remainder when 5761 is divided by 823.
0
What is the remainder when 474 is divided by 51?
15
Calculate the remainder when 8249 is divided by 826.
815
Calculate the remainder when 47137 is divided by 56.
41
What is the remainder when 7136 is divided by 1931?
1343
What is the remainder when 64529 is divided by 32239?
51
What is the remainder when 294 is divided by 274?
20
Calculate the remainder when 649 is divided by 22.
11
What is the remainder when 239809 is divided by 64?
1
Calculate the remainder when 3095 is divided by 3045.
50
What is the remainder when 2518 is divided by 2476?
42
Calculate the remainder when 37782 is divided by 18886.
10
What is the remainder when 355275 is divided by 22?
19
What is the remainder when 2962494 is divided by 987496?
6
Calculate the remainder when 15384 is divided by 2196.
12
Calculate the remainder when 37572 is divided by 68.
36
What is the remainder when 2157576 is divided by 12?
0
Calculate the remainder when 13575 is divided by 191.
14
Calculate the remainder when 499339 is divided by 8.
3
Calculate the remainder when 798 is divided by 66.
6
What is the remainder when 587 is divided by 95?
17
Calculate the remainder when 88247 is divided by 25.
22
What is the remainder when 2752 is divided by 360?
232
Calculate the remainder when 129502 is divided by 6.
4
What is the remainder when 239692 is divided by 284?
280
What is the remainder when 662678 is divided by 936?
926
Calculate the remainder when 25482 is divided by 268.
22
What is the remainder when 34713 is divided by 33?
30
Calculate the remainder when 333884 is divided by 111280.
44
Calculate the remainder when 2843 is divided by 137.
103
Calculate the remainder when 271848 is divided by 3441.
9
Calculate the remainder when 142140 is divided by 5.
0
Calculate the remainder when 4664 is divided by 1124.
168
Calculate the remainder when 43935 is divided by 18.
15
Calculate the remainder when 6600 is divided by 5.
0
Calculate the remainder when 1066 is divided by 601.
465
Calculate the remainder when 8476 is divided by 10.
6
What is the remainder when 1237 is divided by 571?
95
What is the remainder when 2865 is divided by 1412?
41
Calculate the remainder when 20538 is divided by 13.
11
What is the remainder when 5209 is divided by 28?
1
Calculate the remainder when 8620 is divided by 446.
146
Calculate the remainder when 6667 is divided by 549.
79
Calc